f 87526 and 2718214.
818
What is the greatest common factor of 225 and 1793150?
25
Calculate the greatest common divisor of 816 and 144240.
48
Calculate the highest common factor of 88 and 3448720.
88
What is the highest common factor of 456580 and 390?
10
Calculate the greatest common factor of 600 and 54702300.
300
Calculate the greatest common factor of 1272225 and 525.
75
What is the greatest common divisor of 590398512 and 568?
568
What is the greatest common divisor of 3966885 and 720?
45
Calculate the greatest common factor of 6636 and 10740828.
84
What is the highest common divisor of 6455988128 and 736?
736
What is the highest common factor of 1004796 and 23956?
452
Calculate the greatest common divisor of 52195 and 183755.
715
Calculate the greatest common factor of 1150800 and 1275.
75
Calculate the greatest common factor of 4020 and 65228.
4
Calculate the highest common divisor of 1786648 and 88.
8
What is the greatest common factor of 121 and 9594596?
11
Calculate the greatest common divisor of 1624 and 1158808.
56
What is the greatest common factor of 4587294 and 69?
3
What is the highest common factor of 2808 and 281813688?
2808
What is the greatest common divisor of 14 and 49034069?
7
What is the highest common divisor of 35206522 and 6890?
1378
What is the greatest common divisor of 476857 and 6463?
281
Calculate the greatest common divisor of 2014005 and 1680.
105
Calculate the greatest common divisor of 1288 and 20101816.
1288
What is the highest common factor of 18908058 and 10816?
338
What is the highest common factor of 19650 and 109850?
50
Calculate the greatest common divisor of 8164 and 113438.
26
What is the greatest common divisor of 1984997 and 21?
7
Calculate the highest common factor of 44 and 522966994.
22
What is the greatest common factor of 1466803 and 1378?
13
Calculate the greatest common factor of 17799 and 3269781.
1047
What is the highest common divisor of 13181025 and 1485?
165
Calculate the greatest common divisor of 8634262 and 64428.
182
Calculate the highest common divisor of 6 and 3717862.
2
What is the greatest common divisor of 4064 and 7732776?
1016
What is the highest common factor of 105 and 5209855?
35
What is the greatest common divisor of 333 and 803349?
9
What is the greatest common factor of 23376 and 1150782948?
5844
What is the highest common factor of 4184737 and 1411?
17
What is the highest common divisor of 9 and 909693?
9
Calculate the highest common factor of 30 and 27425730.
30
What is the highest common divisor of 13703632 and 166?
166
What is the highest common divisor of 314186 and 384607?
5417
Calculate the greatest common divisor of 111309961 and 14.
7
Calculate the highest common divisor of 7226020 and 40.
20
Calculate the greatest common divisor of 15 and 1323095.
5
Calculate the greatest common factor of 472 and 30554.
2
Calculate the highest common factor of 987929210 and 10.
10
Calculate the highest common factor of 993 and 3136887.
993
What is the greatest common factor of 243 and 7435026?
9
Calculate the highest common factor of 498 and 139071729.
249
What is the highest common factor of 100232650 and 3066?
1022
What is the highest common divisor of 182897 and 484?
11
Calculate the greatest common factor of 29714992 and 8384.
2096
What is the highest common factor of 31396959 and 298794?
7863
What is the greatest common factor of 20361723 and 4323?
393
What is the highest common divisor of 26 and 26266838?
26
Calculate the greatest common factor of 44717652 and 1477.
1477
What is the greatest common divisor of 26 and 146315416?
26
What is the highest common factor of 88 and 5990149?
11
What is the greatest common divisor of 4293603 and 2558?
1279
Calculate the highest common divisor of 6960 and 11361504.
1392
What is the greatest common divisor of 1222904 and 1988?
284
Calculate the greatest common divisor of 112879067 and 7.
7
What is the highest common divisor of 26708072 and 152?
152
Calculate the highest common divisor of 49792 and 6016.
128
What is the highest common divisor of 5520 and 5438672?
368
Calculate the highest common factor of 795 and 71369429.
53
What is the greatest common divisor of 171 and 442757?
19
Calculate the highest common factor of 7 and 196946722.
7
Calculate the highest common divisor of 4180 and 104966488.
836
What is the greatest common divisor of 4490980 and 12328?
92
What is the greatest common factor of 103995270 and 18450?
3690
What is the greatest common divisor of 15765 and 892065?
15
What is the highest common factor of 204 and 1848156?
12
Calculate the highest common factor of 546 and 182014.
14
What is the highest common divisor of 231 and 124737074?
77
What is the highest common divisor of 22830 and 1425630?
30
What is the highest common divisor of 4414380 and 82560?
2580
What is the greatest common divisor of 62 and 3869825046?
62
Calculate the greatest common factor of 1493799 and 2774.
1387
Calculate the greatest common divisor of 8988 and 452045468.
2996
What is the greatest common divisor of 75675 and 6722967?
3027
What is the greatest common divisor of 15120684 and 7750?
62
Calculate the highest common factor of 6830192 and 170.
34
What is the greatest common factor of 2737472 and 12224?
64
Calculate the highest common divisor of 424327 and 12217.
19
Calculate the highest common factor of 123589 and 11461.
73
What is the greatest common divisor of 7 and 94661?
7
Calculate the greatest common divisor of 196 and 218428966.
98
Calculate the greatest common divisor of 110074832 and 7.
7
What is the highest common factor of 20 and 2168030?
10
Calculate the greatest common divisor of 14 and 19672954.
14
Calculate the highest common divisor of 369 and 1289901.
123
Calculate the highest common factor of 6 and 125970453.
3
Calculate the highest common divisor of 16578 and 8851424.
614
Calculate the greatest common divisor of 3084321199 and 1663.
1663
Calculate the highest common divisor of 1140018 and 830346.
1518
What is the highest common divisor of 10250710 and 21510?
2390
What is the greatest common factor of 712 and 77651165?
89
Calculate the highest common factor of 266059435 and 10.
5
Calculate the highest common divisor of 9333 and 8271.
9
Calculate the greatest common divisor of 11059002 and 2790.
558
Calculate the highest common factor of 23471083 and 173.
173
Calculate the highest common divisor of 453339 and 22113.
9
What is the highest common factor of 3486 and 18163803?
1743
What is the highest common divisor of 71550330 and 1722?
246
What is the highest common divisor of 141 and 78382088?
47
Calculate the highest common factor of 11810 and 226660.
10
Calculate the highest common divisor of 704 and 90157760.
704
What is the highest common factor of 96 and 13208676?
12
Calculate the highest common divisor of 54103751 and 713.
23
Calculate the highest common divisor of 5461960 and 120.
40
Calculate the highest common divisor of 2182788 and 13824.
108
What is the greatest common divisor of 4212 and 151398?
234
Calculate the greatest common factor of 69516948 and 2820.
564
Calculate the highest common factor of 211048 and 89608.
184
What is the highest common factor of 412420 and 352410?
170
What is the highest common divisor of 1442708 and 189297?
779
What is the highest common divisor of 2129146 and 152550?
226
Calculate the highest common factor of 1440597 and 1551.
141
Calculate the highest common factor of 19 and 259698479.
19
What is the greatest common divisor of 18 and 6102459?
9
What is the highest common divisor of 681411 and 3007?
31
Calculate the greatest common factor of 14946 and 5473098.
318
Calculate the greatest common divisor of 24 and 302137728.
24
What is the highest common factor of 13912 and 1086320?
296
What is the highest common divisor of 12117826 and 46?
46
What is the highest common divisor of 23877920 and 30?
10
Calculate the highest common divisor of 61328 and 91936.
16
Calculate the highest common factor of 18302802 and 4347.
483
Calculate the greatest common divisor of 11193368 and 31864.
4552
What is the highest common factor of 2330566 and 47824?
854
Calculate the greatest common factor of 3718720 and 170.
10
Calculate the highest common divisor of 4144800 and 28.
4
What is the greates